{"id":17,"date":"2021-05-05T11:31:40","date_gmt":"2021-05-05T11:31:40","guid":{"rendered":"https:\/\/noctua-fin.com\/?page_id=17"},"modified":"2025-04-04T15:48:10","modified_gmt":"2025-04-04T15:48:10","slug":"nieruchomosci","status":"publish","type":"page","link":"https:\/\/noctua-fin.com\/index.php\/nieruchomosci\/","title":{"rendered":"Nieruchomo\u015bci"},"content":{"rendered":"\n<h2 class=\"wp-block-heading\">Zakup<\/h2>\n\n\n\n<h2 class=\"wp-block-heading has-text-align-left\">Sprzeda\u017c<\/h2>\n\n\n\n<div class=\"wp-block-media-text alignwide is-stacked-on-mobile\"><figure class=\"wp-block-media-text__media\"><img loading=\"lazy\" decoding=\"async\" width=\"1000\" height=\"567\" src=\"https:\/\/noctua-fin.com\/wp-content\/uploads\/2025\/04\/image.webp\" alt=\"\" class=\"wp-image-462 size-full\" srcset=\"https:\/\/noctua-fin.com\/wp-content\/uploads\/2025\/04\/image.webp 1000w, https:\/\/noctua-fin.com\/wp-content\/uploads\/2025\/04\/image-300x170.webp 300w, https:\/\/noctua-fin.com\/wp-content\/uploads\/2025\/04\/image-768x435.webp 768w\" sizes=\"auto, (max-width: 1000px) 100vw, 1000px\" \/><\/figure><div class=\"wp-block-media-text__content\">\n<p><a href=\"https:\/\/noctua-fin.com\/index.php\/mieszkanie-trawniki-51m2\/\" target=\"_blank\" rel=\"noreferrer noopener\">Mieszkanie w Trawnikach woj. Lubelskie 51 m2<\/a><\/p>\n<\/div><\/div>\n\n\n\n<div class=\"wp-block-media-text alignwide is-stacked-on-mobile\"><figure class=\"wp-block-media-text__media\"><img loading=\"lazy\" decoding=\"async\" width=\"1024\" height=\"768\" src=\"https:\/\/noctua-fin.com\/wp-content\/uploads\/2025\/04\/Zdjecie-WhatsApp-2024-10-25-o-16.14.52_bddefcae-1024x768.jpg\" alt=\"\" class=\"wp-image-481 size-full\" srcset=\"https:\/\/noctua-fin.com\/wp-content\/uploads\/2025\/04\/Zdjecie-WhatsApp-2024-10-25-o-16.14.52_bddefcae-1024x768.jpg 1024w, https:\/\/noctua-fin.com\/wp-content\/uploads\/2025\/04\/Zdjecie-WhatsApp-2024-10-25-o-16.14.52_bddefcae-300x225.jpg 300w, https:\/\/noctua-fin.com\/wp-content\/uploads\/2025\/04\/Zdjecie-WhatsApp-2024-10-25-o-16.14.52_bddefcae-768x576.jpg 768w, https:\/\/noctua-fin.com\/wp-content\/uploads\/2025\/04\/Zdjecie-WhatsApp-2024-10-25-o-16.14.52_bddefcae-1536x1152.jpg 1536w, https:\/\/noctua-fin.com\/wp-content\/uploads\/2025\/04\/Zdjecie-WhatsApp-2024-10-25-o-16.14.52_bddefcae-1568x1176.jpg 1568w, https:\/\/noctua-fin.com\/wp-content\/uploads\/2025\/04\/Zdjecie-WhatsApp-2024-10-25-o-16.14.52_bddefcae.jpg 1600w\" sizes=\"auto, (max-width: 1024px) 100vw, 1024px\" \/><\/figure><div class=\"wp-block-media-text__content\">\n<p><a href=\"https:\/\/noctua-fin.com\/index.php\/dom-z-duza-dzialka-struza-kolonia\/\" target=\"_blank\" rel=\"noreferrer noopener\">DOM z du\u017c\u0105 dzia\u0142k\u0105 Stru\u017ca Kolonia<\/a><\/p>\n<\/div><\/div>\n\n\n\n<div class=\"wp-block-media-text alignwide is-stacked-on-mobile\"><figure class=\"wp-block-media-text__media\"><a href=\"https:\/\/noctua-fin.com\/index.php\/dzialka-przemyslowa-swidnik-35140-m2\/\" target=\"_blank\" rel=\"noopener\"><img loading=\"lazy\" decoding=\"async\" width=\"1024\" height=\"731\" src=\"https:\/\/noctua-fin.com\/wp-content\/uploads\/2022\/05\/1-1-1024x731.jpg\" alt=\"\" class=\"wp-image-283 size-full\" srcset=\"https:\/\/noctua-fin.com\/wp-content\/uploads\/2022\/05\/1-1-1024x731.jpg 1024w, https:\/\/noctua-fin.com\/wp-content\/uploads\/2022\/05\/1-1-300x214.jpg 300w, https:\/\/noctua-fin.com\/wp-content\/uploads\/2022\/05\/1-1-768x548.jpg 768w, https:\/\/noctua-fin.com\/wp-content\/uploads\/2022\/05\/1-1-1536x1097.jpg 1536w, https:\/\/noctua-fin.com\/wp-content\/uploads\/2022\/05\/1-1-1568x1120.jpg 1568w, https:\/\/noctua-fin.com\/wp-content\/uploads\/2022\/05\/1-1.jpg 2000w\" sizes=\"auto, (max-width: 1024px) 100vw, 1024px\" \/><\/a><\/figure><div class=\"wp-block-media-text__content\">\n<p class=\"has-large-font-size\"><a href=\"https:\/\/noctua-fin.com\/index.php\/dzialka-przemyslowa-swidnik-35140-m2\/\" target=\"_blank\" rel=\"noreferrer noopener\"><font style=\"vertical-align: inherit;\"><font style=\"vertical-align: inherit;\">Dzia\u0142ka Przemys\u0142owo &#8211; Us\u0142ugowa \u015awidnik<\/font><\/font> 22500 m<sup>2<\/sup><\/a><\/p>\n<\/div><\/div>\n\n\n\n<h2 class=\"wp-block-heading\">Wynajem<\/h2>\n\n\n\n<div class=\"wp-block-media-text alignwide is-stacked-on-mobile\"><figure class=\"wp-block-media-text__media\"><img loading=\"lazy\" decoding=\"async\" width=\"1000\" height=\"563\" src=\"http:\/\/noctua-fin.com\/wp-content\/uploads\/2021\/12\/12-1.jpg\" alt=\"\" class=\"wp-image-247 size-full\" srcset=\"https:\/\/noctua-fin.com\/wp-content\/uploads\/2021\/12\/12-1.jpg 1000w, https:\/\/noctua-fin.com\/wp-content\/uploads\/2021\/12\/12-1-300x169.jpg 300w, https:\/\/noctua-fin.com\/wp-content\/uploads\/2021\/12\/12-1-768x432.jpg 768w\" sizes=\"auto, (max-width: 1000px) 100vw, 1000px\" \/><\/figure><div class=\"wp-block-media-text__content\">\n<p class=\"has-large-font-size\"><a rel=\"noreferrer noopener\" href=\"http:\/\/noctua-fin.com\/index.php\/powierzchnia-biurowa-swidnik-200-m2\" target=\"_blank\">Powierzchnia biurowa \u015awidnik 200 m<sup>2<\/sup><\/a><\/p>\n<\/div><\/div>\n\n\n\n<h2 class=\"wp-block-heading\">Dzier\u017cawa<\/h2>\n\n\n\n<h2 class=\"wp-block-heading\">Archiwum<\/h2>\n\n\n\n<div class=\"wp-block-media-text alignwide is-stacked-on-mobile\"><figure class=\"wp-block-media-text__media\"><a href=\"https:\/\/noctua-fin.com\/index.php\/lokal-uslugowy-w-centrum-swidnika\/\" target=\"_blank\" rel=\"noopener\"><img loading=\"lazy\" decoding=\"async\" width=\"724\" height=\"1024\" src=\"http:\/\/noctua-fin.com\/wp-content\/uploads\/2022\/12\/plan-lokalu-724x1024.jpg\" alt=\"\" class=\"wp-image-368 size-full\" srcset=\"https:\/\/noctua-fin.com\/wp-content\/uploads\/2022\/12\/plan-lokalu-724x1024.jpg 724w, https:\/\/noctua-fin.com\/wp-content\/uploads\/2022\/12\/plan-lokalu-212x300.jpg 212w, https:\/\/noctua-fin.com\/wp-content\/uploads\/2022\/12\/plan-lokalu-768x1086.jpg 768w, https:\/\/noctua-fin.com\/wp-content\/uploads\/2022\/12\/plan-lokalu-1086x1536.jpg 1086w, https:\/\/noctua-fin.com\/wp-content\/uploads\/2022\/12\/plan-lokalu.jpg 1414w\" sizes=\"auto, (max-width: 724px) 100vw, 724px\" \/><\/a><\/figure><div class=\"wp-block-media-text__content\">\n<p class=\"has-large-font-size\"><a href=\"https:\/\/noctua-fin.com\/index.php\/lokal-uslugowy-w-centrum-swidnika\/\" target=\"_blank\" rel=\"noreferrer noopener\">Lokal us\u0142ugowy w centrum \u015awidnika<\/a> &#8211; (Archiwum)<\/p>\n<\/div><\/div>\n\n\n\n<div class=\"wp-block-media-text alignwide is-stacked-on-mobile\" style=\"grid-template-columns:49% auto\"><figure class=\"wp-block-media-text__media\"><a href=\"https:\/\/noctua-fin.com\/index.php\/lokal-uslugowy-w-centrum-swidnika\/\" target=\"_blank\" rel=\"noopener\"><img loading=\"lazy\" decoding=\"async\" width=\"724\" height=\"1024\" src=\"http:\/\/noctua-fin.com\/wp-content\/uploads\/2022\/12\/plan-lokalu-724x1024.jpg\" alt=\"\" class=\"wp-image-368 size-full\" srcset=\"https:\/\/noctua-fin.com\/wp-content\/uploads\/2022\/12\/plan-lokalu-724x1024.jpg 724w, https:\/\/noctua-fin.com\/wp-content\/uploads\/2022\/12\/plan-lokalu-212x300.jpg 212w, https:\/\/noctua-fin.com\/wp-content\/uploads\/2022\/12\/plan-lokalu-768x1086.jpg 768w, https:\/\/noctua-fin.com\/wp-content\/uploads\/2022\/12\/plan-lokalu-1086x1536.jpg 1086w, https:\/\/noctua-fin.com\/wp-content\/uploads\/2022\/12\/plan-lokalu.jpg 1414w\" sizes=\"auto, (max-width: 724px) 100vw, 724px\" \/><\/a><\/figure><div class=\"wp-block-media-text__content\">\n<p class=\"has-large-font-size\"><a href=\"https:\/\/noctua-fin.com\/index.php\/lokal-uslugowy-w-centrum-swidnika-2\/\" target=\"_blank\" rel=\"noreferrer noopener\">Lokal us\u0142ugowy w centrum \u015awidnika<\/a><font _mstmutation=\"1\" _msttexthash=\"15860\" _msthash=\"557\"> &#8211; (<\/font>Archiwum)<\/p>\n<\/div><\/div>\n\n\n\n<div class=\"wp-block-media-text alignwide is-stacked-on-mobile\"><figure class=\"wp-block-media-text__media\"><a href=\"https:\/\/noctua-fin.com\/index.php\/2023\/03\/13\/kawalerka-dostepna-od-zaraz-ul-kopernika-swidnik\/\"><img loading=\"lazy\" decoding=\"async\" width=\"940\" height=\"788\" src=\"https:\/\/noctua-fin.com\/wp-content\/uploads\/2023\/03\/20230310_121940-1.jpg\" alt=\"\" class=\"wp-image-402 size-full\" srcset=\"https:\/\/noctua-fin.com\/wp-content\/uploads\/2023\/03\/20230310_121940-1.jpg 940w, https:\/\/noctua-fin.com\/wp-content\/uploads\/2023\/03\/20230310_121940-1-300x251.jpg 300w, https:\/\/noctua-fin.com\/wp-content\/uploads\/2023\/03\/20230310_121940-1-768x644.jpg 768w\" sizes=\"auto, (max-width: 940px) 100vw, 940px\" \/><\/a><\/figure><div class=\"wp-block-media-text__content\">\n<p class=\"has-large-font-size\"><a rel=\"noreferrer noopener\" href=\"https:\/\/noctua-fin.com\/index.php\/2023\/03\/13\/kawalerka-dostepna-od-zaraz-ul-kopernika-swidnik\/\" target=\"_blank\">Kawalerka dost\u0119pna OD ZARAZ ul. Kopernika \u015awidnik<\/a> &#8211; (Archiwum)<\/p>\n<\/div><\/div>\n\n\n\n<div class=\"wp-block-media-text alignwide is-stacked-on-mobile\"><figure class=\"wp-block-media-text__media\"><img loading=\"lazy\" decoding=\"async\" width=\"940\" height=\"788\" src=\"https:\/\/noctua-fin.com\/wp-content\/uploads\/2022\/06\/10.jpg\" alt=\"\" class=\"wp-image-324 size-full\" srcset=\"https:\/\/noctua-fin.com\/wp-content\/uploads\/2022\/06\/10.jpg 940w, https:\/\/noctua-fin.com\/wp-content\/uploads\/2022\/06\/10-300x251.jpg 300w, https:\/\/noctua-fin.com\/wp-content\/uploads\/2022\/06\/10-768x644.jpg 768w\" sizes=\"auto, (max-width: 940px) 100vw, 940px\" \/><\/figure><div class=\"wp-block-media-text__content\">\n<p class=\"has-large-font-size\"><a rel=\"noreferrer noopener\" href=\"https:\/\/noctua-fin.com\/index.php\/mieszkanie-swidnik-61-m2-47-78-zwrotu-z-inwestycji\/\" target=\"_blank\">Mieszkanie \u015awidnik 61 m2, 4,8 &#8211; 12,5% zwrotu z inwestycji<\/a> &#8211; (Archiwum)<\/p>\n<\/div><\/div>\n\n\n\n<div class=\"wp-block-media-text alignwide is-stacked-on-mobile\"><figure class=\"wp-block-media-text__media\"><img loading=\"lazy\" decoding=\"async\" width=\"1024\" height=\"768\" src=\"http:\/\/noctua-fin.com\/wp-content\/uploads\/2021\/12\/6-1-1024x768.jpg\" alt=\"\" class=\"wp-image-239 size-full\" srcset=\"https:\/\/noctua-fin.com\/wp-content\/uploads\/2021\/12\/6-1-1024x768.jpg 1024w, https:\/\/noctua-fin.com\/wp-content\/uploads\/2021\/12\/6-1-300x225.jpg 300w, https:\/\/noctua-fin.com\/wp-content\/uploads\/2021\/12\/6-1-768x576.jpg 768w, https:\/\/noctua-fin.com\/wp-content\/uploads\/2021\/12\/6-1.jpg 1240w\" sizes=\"auto, (max-width: 1024px) 100vw, 1024px\" \/><\/figure><div class=\"wp-block-media-text__content\">\n<p class=\"has-large-font-size\"><a href=\"https:\/\/noctua-fin.com\/index.php\/lokal-uslugowy-lublin-40m2\/\"><font style=\"vertical-align: inherit;\"><font style=\"vertical-align: inherit;\">Lokal us\u0142ugowy Lublin 40 m <\/font><\/font><sup><font style=\"vertical-align: inherit;\"><font style=\"vertical-align: inherit;\">2<\/font><\/font><\/sup><font style=\"vertical-align: inherit;\"><font style=\"vertical-align: inherit;\"> , 2 miejsca parkingowe &#8211; 6,35% zwrotu z inwestycji<\/font><\/font><\/a> &#8211; (Archiwum)<\/p>\n<\/div><\/div>\n\n\n\n<div class=\"wp-block-media-text alignwide is-stacked-on-mobile\"><figure class=\"wp-block-media-text__media\"><img loading=\"lazy\" decoding=\"async\" width=\"1024\" height=\"468\" src=\"http:\/\/noctua-fin.com\/wp-content\/uploads\/2021\/06\/geoportal-dzialka-75-2-1024x468.jpg\" alt=\"\" class=\"wp-image-171 size-full\" srcset=\"https:\/\/noctua-fin.com\/wp-content\/uploads\/2021\/06\/geoportal-dzialka-75-2-1024x468.jpg 1024w, https:\/\/noctua-fin.com\/wp-content\/uploads\/2021\/06\/geoportal-dzialka-75-2-300x137.jpg 300w, https:\/\/noctua-fin.com\/wp-content\/uploads\/2021\/06\/geoportal-dzialka-75-2-768x351.jpg 768w, https:\/\/noctua-fin.com\/wp-content\/uploads\/2021\/06\/geoportal-dzialka-75-2-1536x702.jpg 1536w, https:\/\/noctua-fin.com\/wp-content\/uploads\/2021\/06\/geoportal-dzialka-75-2-1568x717.jpg 1568w, https:\/\/noctua-fin.com\/wp-content\/uploads\/2021\/06\/geoportal-dzialka-75-2.jpg 1905w\" sizes=\"auto, (max-width: 1024px) 100vw, 1024px\" \/><\/figure><div class=\"wp-block-media-text__content\">\n<p class=\"has-large-font-size\"><a rel=\"noreferrer noopener\" href=\"https:\/\/noctua-fin.com\/index.php\/dzialka-przemyslowa-swidnik-18008-m2\" target=\"_blank\">Dzia\u0142ka przemys\u0142owa \u015awidnik 18008 m<sup>2<\/sup><\/a> &#8211; (Archiwum)<\/p>\n<\/div><\/div>\n\n\n\n<div class=\"wp-block-media-text alignwide is-stacked-on-mobile\"><figure class=\"wp-block-media-text__media\"><img loading=\"lazy\" decoding=\"async\" width=\"1024\" height=\"472\" src=\"http:\/\/noctua-fin.com\/wp-content\/uploads\/2021\/06\/geoportal-dzialka-76-1024x472.jpg\" alt=\"\" class=\"wp-image-187 size-full\" srcset=\"https:\/\/noctua-fin.com\/wp-content\/uploads\/2021\/06\/geoportal-dzialka-76-1024x472.jpg 1024w, https:\/\/noctua-fin.com\/wp-content\/uploads\/2021\/06\/geoportal-dzialka-76-300x138.jpg 300w, https:\/\/noctua-fin.com\/wp-content\/uploads\/2021\/06\/geoportal-dzialka-76-768x354.jpg 768w, https:\/\/noctua-fin.com\/wp-content\/uploads\/2021\/06\/geoportal-dzialka-76-1536x708.jpg 1536w, https:\/\/noctua-fin.com\/wp-content\/uploads\/2021\/06\/geoportal-dzialka-76-1568x723.jpg 1568w, https:\/\/noctua-fin.com\/wp-content\/uploads\/2021\/06\/geoportal-dzialka-76.jpg 1890w\" sizes=\"auto, (max-width: 1024px) 100vw, 1024px\" \/><\/figure><div class=\"wp-block-media-text__content\">\n<p class=\"has-large-font-size\"><a rel=\"noreferrer noopener\" href=\"https:\/\/noctua-fin.com\/index.php\/dzialka-przemyslowa-swidnik-18081-m2\/\" target=\"_blank\">Dzia\u0142ka przemys\u0142owa \u015awidnik 18081 m<sup>2<\/sup><\/a> &#8211; (Archiwum)<\/p>\n<\/div><\/div>\n\n\n\n<div class=\"wp-block-media-text alignwide is-stacked-on-mobile\"><figure class=\"wp-block-media-text__media\"><img loading=\"lazy\" decoding=\"async\" width=\"940\" height=\"788\" src=\"http:\/\/noctua-fin.com\/wp-content\/uploads\/2021\/05\/1.png\" alt=\"\" class=\"wp-image-114 size-full\" srcset=\"https:\/\/noctua-fin.com\/wp-content\/uploads\/2021\/05\/1.png 940w, https:\/\/noctua-fin.com\/wp-content\/uploads\/2021\/05\/1-300x251.png 300w, https:\/\/noctua-fin.com\/wp-content\/uploads\/2021\/05\/1-768x644.png 768w\" sizes=\"auto, (max-width: 940px) 100vw, 940px\" \/><\/figure><div class=\"wp-block-media-text__content\">\n<p class=\"has-large-font-size\"><a rel=\"noreferrer noopener\" href=\"https:\/\/noctua-fin.com\/index.php\/mieszkanie-swidnik-60-m2\/\" target=\"_blank\">Mieszkanie \u015awidnik 59 m2<\/a> &#8211; (Archiwum)<\/p>\n<\/div><\/div>\n\n\n\n<p><\/p>\n","protected":false},"excerpt":{"rendered":"<p>Zakup Sprzeda\u017c Mieszkanie w Trawnikach woj. Lubelskie 51 m2 DOM z du\u017c\u0105 dzia\u0142k\u0105 Stru\u017ca Kolonia Dzia\u0142ka Przemys\u0142owo &#8211; Us\u0142ugowa \u015awidnik 22500 m2 Wynajem Powierzchnia biurowa \u015awidnik 200 m2 Dzier\u017cawa Archiwum Lokal us\u0142ugowy w centrum \u015awidnika &#8211; (Archiwum) Lokal us\u0142ugowy w centrum \u015awidnika &#8211; (Archiwum) Kawalerka dost\u0119pna OD ZARAZ ul. Kopernika \u015awidnik &#8211; (Archiwum) Mieszkanie \u015awidnik [&hellip;]<\/p>\n","protected":false},"author":1,"featured_media":0,"parent":0,"menu_order":0,"comment_status":"closed","ping_status":"closed","template":"","meta":{"footnotes":""},"class_list":["post-17","page","type-page","status-publish","hentry"],"_links":{"self":[{"href":"https:\/\/noctua-fin.com\/index.php\/wp-json\/wp\/v2\/pages\/17","targetHints":{"allow":["GET"]}}],"collection":[{"href":"https:\/\/noctua-fin.com\/index.php\/wp-json\/wp\/v2\/pages"}],"about":[{"href":"https:\/\/noctua-fin.com\/index.php\/wp-json\/wp\/v2\/types\/page"}],"author":[{"embeddable":true,"href":"https:\/\/noctua-fin.com\/index.php\/wp-json\/wp\/v2\/users\/1"}],"replies":[{"embeddable":true,"href":"https:\/\/noctua-fin.com\/index.php\/wp-json\/wp\/v2\/comments?post=17"}],"version-history":[{"count":61,"href":"https:\/\/noctua-fin.com\/index.php\/wp-json\/wp\/v2\/pages\/17\/revisions"}],"predecessor-version":[{"id":520,"href":"https:\/\/noctua-fin.com\/index.php\/wp-json\/wp\/v2\/pages\/17\/revisions\/520"}],"wp:attachment":[{"href":"https:\/\/noctua-fin.com\/index.php\/wp-json\/wp\/v2\/media?parent=17"}],"curies":[{"name":"wp","href":"https:\/\/api.w.org\/{rel}","templated":true}]}}