{"id":39,"date":"2021-04-05T11:39:28","date_gmt":"2021-04-05T11:39:28","guid":{"rendered":"https:\/\/noctua-fin.com\/?page_id=39"},"modified":"2021-04-05T15:43:56","modified_gmt":"2021-04-05T15:43:56","slug":"finansowanie","status":"publish","type":"page","link":"https:\/\/noctua-fin.com\/index.php\/finansowanie\/","title":{"rendered":"Finansowanie"},"content":{"rendered":"\n<h4 class=\"wp-block-heading\">Oferta 12 og\u00f3lnopolskich Bank\u00f3w w jednym miejscu i czasie<\/h4>\n\n\n\n<p>Aby pozna\u0107 aktualne warunki finansowania czo\u0142owych instytucji finansowych nale\u017ca\u0142oby odwiedzi\u0107 kilkana\u015bcie plac\u00f3wek bankowych. Odsta\u0107 swoje w kolejce i przekaza\u0107 dane kontaktowe kilkunastu r\u00f3\u017cnym przedstawicielom handlowym nara\u017caj\u0105c si\u0119 na ci\u0105g\u0142y kontakt telefoniczny. <\/p>\n\n\n\n<p>W idealnym \u015bwiecie, bior\u0105c pod uwag\u0119, \u017ce w danym mie\u015bcie znajduj\u0105 si\u0119 wszystkie banki nale\u017cy po\u015bwi\u0119ci\u0107 od 3 do 5 dni swojego prywatnego czasu.<\/p>\n\n\n\n<p>Korzystaj\u0105c z naszego Eksperta wystarczy jedna godzina, aby uzyska\u0107 identyczny efekt:<\/p>\n\n\n\n<ul class=\"wp-block-list\"><li>brak op\u0142at za spotkanie<\/li><li>brak kolejek<\/li><li>brak marketingu przedstawicieli handlowych<\/li><li>brak op\u0142at brokerskich<\/li><\/ul>\n\n\n\n<p>W jednym miejscu uzyskasz ofert\u0119 12 bank\u00f3w:<\/p>\n\n\n\n<ul class=\"wp-block-list\"><li>dopasujemy wymagania banku do Twojej obecnej sytuacji finansowej<\/li><li>przedstawimy najkorzystniejsze warunki kredytowe<\/li><li>pomo\u017cemy w kompletowaniu dokumentacji kredytowej<\/li><li>przeprowadzimy proces kredytowy za Ciebie, a\u017c do podpisania umowy w plac\u00f3wce bankowej<\/li><\/ul>\n\n\n\n<p>Pami\u0119taj, jako nieliczni nie pobieramy dodatkowych op\u0142at brokerskich. Wszystkie koszty s\u0105 identyczne jak w procesie przedstawiciela banku. Dodatkowo oszcz\u0119dzasz czas i pieni\u0105dze przeznaczone na stanie w kolejkach i jazd\u0119 po oddzia\u0142ach bank\u00f3w.<\/p>\n\n\n\n<h4 class=\"wp-block-heading\">Nie czekaj, um\u00f3w si\u0119.<\/h4>\n\n\n\n<h4 class=\"wp-block-heading\">Darmowe spotkanie:<\/h4>\n\n\n\n<p>Tel.: 667 045 327<\/p>\n\n\n\n<p>d.kruk@noctua-fin.com<\/p>\n","protected":false},"excerpt":{"rendered":"<p>Oferta 12 og\u00f3lnopolskich Bank\u00f3w w jednym miejscu i czasie Aby pozna\u0107 aktualne warunki finansowania czo\u0142owych instytucji finansowych nale\u017ca\u0142oby odwiedzi\u0107 kilkana\u015bcie plac\u00f3wek bankowych. Odsta\u0107 swoje w kolejce i przekaza\u0107 dane kontaktowe kilkunastu r\u00f3\u017cnym przedstawicielom handlowym nara\u017caj\u0105c si\u0119 na ci\u0105g\u0142y kontakt telefoniczny. W idealnym \u015bwiecie, bior\u0105c pod uwag\u0119, \u017ce w danym mie\u015bcie znajduj\u0105 si\u0119 wszystkie banki nale\u017cy [&hellip;]<\/p>\n","protected":false},"author":1,"featured_media":0,"parent":0,"menu_order":0,"comment_status":"closed","ping_status":"closed","template":"","meta":{"footnotes":""},"class_list":["post-39","page","type-page","status-publish","hentry"],"_links":{"self":[{"href":"https:\/\/noctua-fin.com\/index.php\/wp-json\/wp\/v2\/pages\/39","targetHints":{"allow":["GET"]}}],"collection":[{"href":"https:\/\/noctua-fin.com\/index.php\/wp-json\/wp\/v2\/pages"}],"about":[{"href":"https:\/\/noctua-fin.com\/index.php\/wp-json\/wp\/v2\/types\/page"}],"author":[{"embeddable":true,"href":"https:\/\/noctua-fin.com\/index.php\/wp-json\/wp\/v2\/users\/1"}],"replies":[{"embeddable":true,"href":"https:\/\/noctua-fin.com\/index.php\/wp-json\/wp\/v2\/comments?post=39"}],"version-history":[{"count":4,"href":"https:\/\/noctua-fin.com\/index.php\/wp-json\/wp\/v2\/pages\/39\/revisions"}],"predecessor-version":[{"id":52,"href":"https:\/\/noctua-fin.com\/index.php\/wp-json\/wp\/v2\/pages\/39\/revisions\/52"}],"wp:attachment":[{"href":"https:\/\/noctua-fin.com\/index.php\/wp-json\/wp\/v2\/media?parent=39"}],"curies":[{"name":"wp","href":"https:\/\/api.w.org\/{rel}","templated":true}]}}